11101321 - 2313?
-1211110300
In base 11, what is 52613a - 74?
526076
In base 8, what is 51 + -37622?
-37551
In base 15, what is 6 + 8d8a1?
8d8a7
In base 6, what is 1134 - -1453130?
1454304
In base 13, what is -18 - -11c6b7b?
11c6b63
In base 3, what is 12212201222222 - 12?
12212201222210
In base 7, what is 1261153 + 210?
1261363
In base 2, what is -1101110100001 + 1100101000111?
-1001011010
In base 5, what is -30 + 11104242344?
11104242314
In base 2, what is 1110101 - 11111100011001?
-11111010100100
In base 14, what is -38ba7 - -244?
-38963
In base 10, what is -70 - 488043?
-488113
In base 6, what is 2315232 - -2014?
2321250
In base 14, what is -144b - -39d?
-108c
In base 5, what is -3 + 1242330001?
1242324443
In base 12, what is -7 + -aaa4816?
-aaa4821
In base 15, what is 38b2 + 242?
3b04
In base 15, what is -10da45d + 0?
-10da45d
In base 14, what is -12 - 56da9?
-56dbb
In base 15, what is -32 - -222630?
2225ed
In base 12, what is -3 + 575170?
575169
In base 4, what is -1 + 10110013110?
10110013103
In base 12, what is 41a - b4a8a?
-b4670
In base 6, what is -252253355 - -14?
-252253341
In base 15, what is 70e - -55b32?
56341
In base 3, what is 2000100 - -12221201?
21222001
In base 6, what is 130200 + 325?
130525
In base 4, what is 2002003203 - -23230?
2002033033
In base 11, what is 17a7 + -62334?
-60638
In base 10, what is -63416349 - -23?
-63416326
In base 7, what is 2 + -1005411560?
-1005411555
In base 4, what is 20100312 - -120130?
20221102
In base 12, what is 33169 - -658?
33805
In base 11, what is -10503 - 100?
-10603
In base 16, what is 4 - -113e8bb?
113e8bf
In base 14, what is 1ad3764 - -29?
1ad378d
In base 14, what is -5 + 4992bb?
4992b6
In base 14, what is -170a0 - d0?
-17190
In base 5, what is 2120 - 2104414?
-2102244
In base 16, what is 461 + -6ec3?
-6a62
In base 13, what is -29513 + 890?
-28953
In base 5, what is -1001304003 + -12?
-1001304020
In base 13, what is 9750450 - -4?
9750454
In base 5, what is -11 + 320200221?
320200210
In base 4, what is 132101000021 + -11?
132101000010
In base 16, what is 4164f70 + -4?
4164f6c
In base 6, what is -13251143 - -210?
-13250533
In base 14, what is ca42c - 1b2?
ca25a
In base 7, what is -453163251 + 0?
-453163251
In base 3, what is 2121022110 - 2111112?
2111210221
In base 5, what is 1011 + 3303014?
3304030
In base 13, what is -1955ab40 + -4?
-1955ab44
In base 9, what is 40077432 - 1?
40077431
In base 7, what is -26536306 + 2?
-26536304
In base 7, what is -324441040 - 2?
-324441042
In base 13, what is 4 + -11a4ab40?
-11a4ab39
In base 2, what is 1101 + 11101110101011101011?
11101110101011111000
In base 3, what is -2 - -120002100220002?
120002100220000
In base 10, what is 21544501 - -10?
21544511
In base 9, what is -412454 + 626?
-411727
In base 14, what is -74 - -56c1c5?
56c151
In base 12, what is -5 + 17524b31?
17524b28
In base 14, what is 2652b - 22a?
26301
In base 2, what is 10111001 + 1100011001110?
1100110000111
In base 3, what is 1110122121102102 - 22?
1110122121102010
In base 13, what is -14224 + -1c8?
-1441c
In base 5, what is -22013401243 - -4?
-22013401234
In base 5, what is 0 - -1343214320?
1343214320
In base 13, what is -6181 + 903?
-557b
In base 8, what is -2633470 - -35?
-2633433
In base 5, what is 114443 - 211020?
-41022
In base 5, what is -100 + -200203224?
-200203324
In base 13, what is -472 - -151b?
1079
In base 2, what is -111100100000001 - 110111010110?
-1000011011010111
In base 14, what is bb82d65 + -3?
bb82d62
In base 3, what is 101 + -12022110212?
-12022110111
In base 6, what is -511522 + 42?
-511440
In base 12, what is -7 + 90592?
90587
In base 15, what is 0 - -9d21289?
9d21289
In base 9, what is -330606 - 26?
-330633
In base 6, what is 23 + -33131?
-33104
In base 11, what is -727 + 2a03?
2287
In base 15, what is 9aea71 - -3?
9aea74
In base 5, what is -2 + -1022111321?
-1022111323
In base 10, what is -3390294 - 0?
-3390294
In base 16, what is 107 + d27e8?
d28ef
In base 9, what is 2530325 - 0?
2530325
In base 10, what is 367 - -9955?
10322
In base 2, what is 10011 + -100000111011000011110?
-100000111011000001011
In base 9, what is -266451 + 105?
-266345
In base 7, what is -1463400536 - 5?
-1463400544
In base 2, what is 100 - -110111001001001011001101?
110111001001001011010001
In base 13, what is -11888 - 270c?
-14297
In base 2, what is 111000 - -110010101000110110100010?
110010101000110111011010
In base 4, what is -31 + -10100102323?
-10100103020
In base 3, what is 1 - -10222101112120021?
10222101112120022
In base 8, what is -551734 + 101?
-551633
In base 6, what is 100 - 10243412?
-10243312
In base 16, what is 7 + -50ff4?
-50fed
In base 10, what is -2 + 4387462?
4387460
In base 5, what is -112011 + -1021311?
-1133322
In base 13, what is -9 - -270c1b?
270c12
In base 4, what is 2020 - 1113303?
-1111223
In base 2, what is -1011010011 + 101111000111101100?
101110111100011001
In base 16, what is -1e - a53?
-a71
In base 11, what is 0 + -8a6576?
-8a6576
In base 13, what is 2 + -9355b91?
-9355b8c
In base 2, what is 11100000011110 + 100101000110?
100000101100100
In base 13, what is 9b40417 + 3?
9b4041a
In base 6, what is 43 - -25140405?
25140452
In base 10, what is 56826849 + -5?
56826844
In base 9, what is -5 + -2410725?
-2410731
In base 10, what is -8119062 - -1?
-8119061
In base 15, what is 18 - -619639?
619652
In base 4, what is -30202 - 1001101121?
-1001131323
In base 10, what is 11160806 - 21?
11160785
In base 12, what is 2553 + -1438?
1117
In base 4, what is 2101212001211 + -2?
2101212001203
In base 4, what is 123110 - 12011212?
-11222102
In base 12, what is 3 + -61a50bb?
-61a50b8
In base 6, what is -3 + -10045200?
-10045203
In base 12, what is 0 - 2aab5493?
-2aab5493
In base 6, what is 12434133 - 313?
12433420
In base 3, what is 20110210210 - 101?
20110210102
In base 3, what is 12 + 111010222210?
111010222222
In base 13, what is -39b1a69b - 0?
-39b1a69b
In base 2, what is 101000110110110011 - -100110?
101000110111011001
In base 3, what is -11221221220201 + 12002?
-11221221201122
In base 10, what is -723 + -455660?
-456383
In base 2, what is -11 + -11100001101011100101000?
-11100001101011100101011
In base 3, what is -101111020121 - 11220220?
-101200011111
In base 7, what is 4 + 10163463?
10163500
In base 4, what is 2111 + 13332330000?
13332332111
In base 15, what is 808d1 + -1b?
808b5
In base 11, what is -825a + -57?
-8306
In base 5, what is 221 + 243024032?
243024303
In base 9, what is -3253 + -25612?
-28865
In base 4, what is 1 - 21220203333?
-21220203332
In base 2, what is -11000000000010101010 + -1101?
-11000000000010110111
In base 4, what is 30 - -1333322132322?
1333322133012
In base 15, what is -33 + -3755?
-3788
In base 8, what is -503113 + 2077?
-501014
In base 12, what is -125818 + 329?
-1254ab
In base 11, what is -11 + 2012a850?
2012a83a
In base 8, what is 504606 + -162?
504424
In base 2, what is -101111010111 + -100110100?
-110100001011
In base 5, what is 203 + 13034002?
13034210
In base 2, what is -100000001010 + -1011101000100000?
-1100001000101010
In base 13, what is 33189 + -153?
33036
In base 8, what is -1033074 + 0?
-1033074
In base 12, what is 3 + -142540b4?
-142540b1
In base 13, what is -5026 - 3c37?
-8c60
In base 8, what is 632 - -11564?
12416
In base 12, what is 63460a3 + -2?
63460a1
In base 6, what is 5 + 221055005?
221055014
In base 10, what is 32485915 + -3?
32485912
In base 9, what is -58 + -377547?
-377616
In base 15, what is 5d1 + -3a8?
228
In base 11, what is 1225 + -4061?
-2937
In base 15, what is 1725d6 + 52?
172638
In base 10, what is -1164805 + 34?
-1164771
In base 6, what is -2022 + 140554?
134532
In base 4, what is 1 - 32122300232?
-32122300231
In base 15, what is 49bba1 - -15?
49bbb6
In base 7, what is -10001642 + -3?
-10001645
In base 9, what is 22 - -631081?
631113
In base 7, what is -125 - -10026056?
10025631
In base 8, what is -152411 - 340?
-152751
In base 2, what is 11000001010111010010011001100 - -101?
11000001010111010010011010001
In base 7, what is 104545535 + 0?
104545535
In base 11, what is 72943 - -248?
73090
In base 12, what is -17b6968 - 0?
-17b6968
In base 2, what is -1100000111 - 1000000000011011?
-1000001100100010
In base 7, what is -5320 + -156012?
-164332
In base 2, what is 10001010101100011 - -101101100?
10001011011